 is -2020200 (base 3) in base 2?
-11001100110
What is -3233211 (base 4) in base 7?
-62463
Convert 331 (base 9) to base 13.
17b
Convert -10120 (base 5) to base 16.
-294
What is 2130 (base 8) in base 4?
101120
Convert -12210 (base 3) to base 8.
-234
5698 (base 10) to base 4
1121002
What is -12cb (base 14) in base 13?
-1680
Convert c898 (base 13) to base 5.
1342331
Convert -9823 (base 10) to base 8.
-23137
33122 (base 4) to base 5
12421
2178 (base 9) to base 7
4460
Convert -324 (base 7) to base 8.
-245
What is 10aea (base 15) in base 8?
147547
-16477 (base 10) to base 4
-10001131
What is 5148 (base 13) in base 12?
65a6
Convert 319 (base 13) to base 15.
254
What is -79 (base 12) in base 2?
-1011101
Convert 2451 (base 15) to base 2.
1111000101110
1100223 (base 4) to base 8
12053
What is -288 (base 11) in base 9?
-415
Convert 12954 (base 11) to base 2.
100100000010011
What is 111011010110 (base 2) in base 9?
5180
What is 4ab (base 13) in base 11?
683
Convert -1203 (base 8) to base 10.
-643
Convert -1111100111101 (base 2) to base 4.
-1330331
Convert -795 (base 10) to base 9.
-1073
-3c0 (base 15) to base 11
-708
What is 535 (base 16) in base 12?
931
-11001011100011 (base 2) to base 5
-404102
What is -136534 (base 7) in base 9?
-40114
-12211 (base 14) to base 7
-243121
-101000011110110 (base 2) to base 14
-77a6
What is -1204 (base 9) in base 2?
-1101111111
8d3 (base 15) to base 10
1998
Convert 101101101111 (base 2) to base 11.
2221
-6580 (base 15) to base 8
-51767
What is 8540 (base 11) in base 4?
2300201
Convert -1504 (base 14) to base 2.
-111010010000
What is 88 (base 14) in base 5?
440
Convert 9406 (base 11) to base 14.
4789
What is -24e5 (base 15) in base 11?
-5a00
Convert -e0 (base 16) to base 11.
-194
143133 (base 5) to base 10
6043
Convert -4e (base 16) to base 9.
-86
-25515 (base 6) to base 14
-159d
What is -c69 (base 14) in base 12?
-14b9
What is 46114 (base 9) in base 2?
111011111111000
Convert 406 (base 12) to base 3.
210120
Convert 1771 (base 11) to base 12.
1380
What is 6716 (base 10) in base 4?
1220330
What is 1122333 (base 4) in base 15?
1ad3
469 (base 15) to base 7
2625
11200 (base 4) to base 14
1b2
Convert 123010 (base 5) to base 10.
4755
Convert 835 (base 9) to base 14.
368
Convert -2447 (base 14) to base 12.
-37bb
Convert 4413 (base 13) to base 7.
36432
Convert 957 (base 10) to base 5.
12312
257 (base 9) to base 14
114
What is -814 (base 9) in base 14?
-353
3085a (base 12) to base 5
4012210
What is 1100100111110 (base 2) in base 9?
8770
Convert 21b (base 16) to base 4.
20123
What is -67 (base 16) in base 8?
-147
202304 (base 6) to base 16
3ee0
-6310 (base 8) to base 9
-4435
Convert -110 (base 15) to base 16.
-f0
Convert -30154 (base 6) to base 14.
-162a
Convert 11204 (base 9) to base 14.
2a08
What is 9a2 (base 12) in base 15?
648
What is 3033 (base 11) in base 5?
112104
-150214 (base 6) to base 10
-14338
What is 1023201 (base 4) in base 15?
1673
-315 (base 15) to base 2
-1010110111
What is -50154 (base 7) in base 4?
-2330331
What is -210101 (base 4) in base 11?
-1820
What is 30487 (base 10) in base 3?
1112211011
Convert a54 (base 14) to base 4.
133302
What is -1ee3 (base 15) in base 5?
-203423
-602 (base 11) to base 9
-888
What is 5e2b (base 15) in base 3?
1000112012
11075 (base 9) to base 3
101002112
2416 (base 9) to base 5
24142
What is 1d3e (base 15) in base 4?
1203113
What is -1652 (base 9) in base 4?
-103232
What is 498 (base 11) in base 15?
296
-562b (base 13) to base 12
-6b70
What is 237b9 (base 13) in base 11?
44965
What is -113314 (base 5) in base 14?
-1769
Convert 1656 (base 16) to base 12.
3386
Convert 5160 (base 7) to base 11.
13a2
-2950 (base 15) to base 7
-34542
What is -10334 (base 5) in base 9?
-878
-222025 (base 7) to base 15
-b8d1
1e1d (base 15) to base 8
14631
-21009 (base 11) to base 3
-1120000011
What is -1276 (base 15) in base 3?
-12101210
What is 46624 (base 10) in base 14?
12dc4
40333 (base 5) to base 3
10120001
Convert -2201200211 (base 3) to base 15.
-10dba
Convert -165544 (base 7) to base 5.
-2030310
131a1 (base 15) to base 4
32323012
Convert 10214 (base 5) to base 11.
572
-1001101111100 (base 2) to base 10
-4988
What is -2c0 (base 16) in base 3?
-222002
What is 101222 (base 3) in base 2?
100101000
What is -302 (base 14) in base 16?
-24e
What is -350 (base 13) in base 2?
-1000111100
Convert a99 (base 14) to base 5.
31340
What is 698 (base 15) in base 12?
a45
Convert 1032 (base 5) to base 11.
11a
111000001101110 (base 2) to base 13
10140
Convert 1d5 (base 14) to base 7.
1055
Convert -22413 (base 5) to base 8.
-3110
What is -38d (base 14) in base 6?
-3145
891 (base 15) to base 6
12544
What is -11131312 (base 4) in base 7?
-122164
-110302 (base 6) to base 3
-110121002
-290 (base 14) to base 13
-30b
Convert 3430434 (base 5) to base 8.
167671
What is 13022 (base 5) in base 10?
1012
Convert -624 (base 16) to base 9.
-2136
1040 (base 6) to base 15
110
What is -2386 (base 9) in base 6?
-12123
Convert -100111001001 (base 2) to base 14.
-cad
-3500 (base 7) to base 5
-20044
11100221 (base 3) to base 9
4327
What is -171 (base 9) in base 16?
-91
Convert -554442 (base 6) to base 4.
-23110322
Convert -12551 (base 6) to base 4.
-132103
121031 (base 4) to base 7
4463
Convert 60c (base 14) to base 16.
4a4
3969 (base 10) to base 11
2a89
Convert 1001111110 (base 2) to base 12.
452
What is 482b (base 12) in base 3?
102002222
90 (base 10) to base 5
330
What is -34301 (base 6) in base 13?
-229c
What is 1001011111 (base 2) in base 7?
1525
3672 (base 10) to base 4
321120
What is 1014 (base 8) in base 13?
314
-617 (base 10) to base 11
-511
What is 5c27 (base 16) in base 8?
56047
fff (base 16) to base 10
4095
What is 3d54 (base 16) in base 9?
23474
Convert -13126 (base 9) to base 16.
-2295
What is 1855 (base 11) in base 12?
1447
Convert 933 (base 13) to base 5.
22223
Convert -1101000000100 (base 2) to base 7.
-25263
What is -6717 (base 9) in base 6?
-34541
What is -2600 (base 11) in base 16?
-d3c
Convert 2040 (base 10) to base 5.
31130
Convert -23a (base 15) to base 3.
-200201
Convert 7773 (base 9) to base 16.
1668
-1399 (base 10) to base 16
-577
What is 684 (base 13) in base 14?
5a2
What is 2373 (base 8) in base 7?
3501
What is -38166 (base 12) in base 13?
-28929
What is 533 (base 10) in base 15?
258
Convert 196 (base 14) to base 10.
328
Convert 174d (base 14) to base 7.
15126
2519 (base 16) to base 6
111545
28b (base 15) to base 6
2405
3078 (base 9) to base 4
203102
Convert -817 (base 10) to base 9.
-1107
Convert -14a (base 12) to base 13.
-127
What is -11010010100101 (base 2) in base 16?
-34a5
-3804 (base 11) to base 15
-1710
What is 20362 (base 8) in base 16?
20f2
12410 (base 8) to base 7
21461
10200010 (base 3) to base 6
20220
Convert -3c6 (base 16) to base 14.
-4d0
Convert -23cc (base 16) to base 14.
-34a8
115b (base 12) to base 8
3627
-153315 (base 8) to base 12
-279a5
What is -1000210 (base 4) in base 9?
-5601
340 (base 7) to base 6
451
What is 2003 (base 5) in base 10?
253
323e (base 16) to base 5
402422
Convert -bb (base 14) to base 5.
-1130
What is 154 (base 15) in base 7?
613
What is -21303 (base 5) in base 9?
-1884
f36 (base 16) to base 15
1249
What is 2663 (base 8) in base 11?
1107
Convert -1100000000010 (base 2) to base 5.
-144041
What is 1111224 (base 5) in base 11?
13776
-41 (base 16) to base 13
-50
What is -11211211 (base 3) in base 10?
-3532
597a (base 15) to base 10
19015
Convert 20311 (base 6) to base 10.
2707
1000101110100100 (base 2) to base 3
1211001000
What is -1112010 (base 3) in base 12?
-786
What is -113022 (base 4) in base 16?
-5ca
What is -10554 (base 8) in base 12?
-26b8
What is 676 (base 8) in base 10?
446
-a51 (base 13) to base 8
-3334
Convert 2133120 (base 4) to base 8.
23730
Convert 2000132 (base 4) to base 12.
4912
Convert 23212 (base 6) to base 3.
11112222
5270 (base 8) to base 10
2744
Convert 2260 (base 8) to base 10.
1200
12 (base 10) to base 2
1100
What is 4262 (base 13) in base 5?
243311
What is 1a855 (base 11) in base 8?
70463
Convert -164 (base 15) to base 13.
-1b7
What is -537d (base 15) in base 16?
-4504
3522 (base 12) to base 15
1b55
Convert -700 (base 10) to base 15.
-31a
What is 7c11 (base 15) in base 10?
26341
-277 (base 15) to base 8
-1062
-42630 (base 7) to base 8
-24555
5571 (b